the prime factors of 2591459322.
2, 3, 31, 107, 130211
What are the prime factors of 20116833?
3, 11, 609601
List the prime factors of 6802764888.
2, 3, 7757, 36541
List the prime factors of 15010227.
3, 547, 3049
List the prime factors of 1181297830.
2, 5, 19, 157, 199
What are the prime factors of 62354951?
2251, 27701
What are the prime factors of 61349213?
89, 689317
What are the prime factors of 98849442?
2, 3, 41, 401827
What are the prime factors of 15166504?
2, 859, 2207
List the prime factors of 721748697.
3, 240582899
List the prime factors of 301107697.
11, 23, 1190149
What are the prime factors of 79308729?
3, 2381, 3701
List the prime factors of 76699376.
2, 13, 17, 109, 199
What are the prime factors of 1187414537?
23, 659, 78341
What are the prime factors of 1014926648?
2, 19, 47, 142067
List the prime factors of 18132118.
2, 19, 379, 1259
List the prime factors of 2649160129.
7, 11, 34404677
List the prime factors of 48889705.
5, 17, 575173
What are the prime factors of 179873131?
5569, 32299
List the prime factors of 1503899391.
3, 541, 926617
What are the prime factors of 922444195?
5, 8387, 21997
What are the prime factors of 1425994626?
2, 3, 7, 463, 73331
What are the prime factors of 223372413?
3, 11, 29, 643
List the prime factors of 1512583344.
2, 3, 10504051
What are the prime factors of 39985562?
2, 19992781
What are the prime factors of 862117993?
11, 23, 173, 19697
List the prime factors of 454786032.
2, 3, 101, 93809
List the prime factors of 7035769203.
3, 251, 757, 12343
List the prime factors of 56991019.
61, 643, 1453
What are the prime factors of 2721659059?
7, 67, 83, 139, 503
What are the prime factors of 604232083?
7, 13, 173, 5483
List the prime factors of 256812137.
227, 1131331
List the prime factors of 76991175.
3, 5, 167, 683
List the prime factors of 121098578.
2, 43, 1408123
List the prime factors of 30351678.
2, 3, 7, 103237
What are the prime factors of 45395132?
2, 11348783
List the prime factors of 135390174.
2, 3, 47, 480107
What are the prime factors of 152093256?
2, 3, 7, 283, 457
What are the prime factors of 6020474748?
2, 3, 19, 26405591
What are the prime factors of 91950648?
2, 3, 29, 132113
What are the prime factors of 673243535?
5, 97, 103, 13477
List the prime factors of 2102766696.
2, 3, 9735031
What are the prime factors of 342247345?
5, 11, 6222679
List the prime factors of 183298288.
2, 31, 369553
What are the prime factors of 35403319?
7, 43, 117619
List the prime factors of 58903212.
2, 3, 653, 7517
List the prime factors of 426859962.
2, 3, 71143327
What are the prime factors of 574127655?
3, 5, 17, 19, 71, 1669
List the prime factors of 1297121187.
3, 43, 1447, 6949
List the prime factors of 302656217.
14831, 20407
List the prime factors of 649427169.
3, 8629, 25087
What are the prime factors of 63317807?
7, 457, 19793
What are the prime factors of 113190879?
3, 17, 907, 2447
What are the prime factors of 13576288?
2, 11, 38569
What are the prime factors of 1131006942?
2, 3, 13, 347, 4643
List the prime factors of 4820188210.
2, 5, 4721, 102101
List the prime factors of 16743460.
2, 5, 439, 1907
What are the prime factors of 104117809?
17, 31, 197567
List the prime factors of 107496448.
2, 113, 929
List the prime factors of 584280212.
2, 146070053
What are the prime factors of 20573803?
313, 65731
What are the prime factors of 1887008087?
43, 977, 44917
What are the prime factors of 28057145?
5, 109, 51481
List the prime factors of 63720780.
2, 3, 5, 1062013
What are the prime factors of 3658829373?
3, 19, 113, 7013
List the prime factors of 4391540924.
2, 1097885231
What are the prime factors of 1446524600?
2, 5, 7232623
What are the prime factors of 1840205505?
3, 5, 23, 5333929
List the prime factors of 7236876.
2, 3, 283, 2131
List the prime factors of 156526741.
7, 401, 55763
List the prime factors of 141238683.
3, 15693187
What are the prime factors of 2250631054?
2, 7, 17, 19, 97, 733
List the prime factors of 205022182.
2, 102511091
List the prime factors of 95711268.
2, 3, 197, 40487
What are the prime factors of 3501226758?
2, 3, 283, 2061971
What are the prime factors of 134975536?
2, 8435971
List the prime factors of 5668222326.
2, 3, 13, 37, 1964041
List the prime factors of 13230535.
5, 2646107
What are the prime factors of 74038444?
2, 461, 40151
What are the prime factors of 344358244?
2, 653, 131837
What are the prime factors of 3801472114?
2, 11, 6829, 25303
What are the prime factors of 10682106?
2, 3, 1780351
What are the prime factors of 2743465859?
29, 461, 205211
List the prime factors of 17617278.
2, 3, 7, 419459
List the prime factors of 6583272412.
2, 1645818103
List the prime factors of 1423630406.
2, 11, 64710473
List the prime factors of 72006968.
2, 11, 17, 127, 379
List the prime factors of 103922561.
67, 1551083
What are the prime factors of 227004426?
2, 3, 11, 1146487
What are the prime factors of 129402348?
2, 3, 2087, 5167
What are the prime factors of 506741982?
2, 3, 2909, 29033
List the prime factors of 89221123.
89221123
What are the prime factors of 1059938048?
2, 13, 293, 1087
What are the prime factors of 435311720?
2, 5, 983, 11071
List the prime factors of 372139250.
2, 5, 7, 212651
What are the prime factors of 6273334?
2, 3136667
List the prime factors of 4370385928.
2, 19, 2441, 11779
List the prime factors of 54920853.
3, 13, 41, 107
What are the prime factors of 271762690?
2, 5, 4201, 6469
List the prime factors of 116131841.
7, 16590263
What are the prime factors of 223613397?
3, 7, 3549419
What are the prime factors of 107431870?
2, 5, 7, 13, 118057
What are the prime factors of 91795860?
2, 3, 5, 13, 39229
List the prime factors of 2202744.
2, 3, 91781
List the prime factors of 32236245.
3, 5, 89, 2683
What are the prime factors of 698725950?
2, 3, 5, 13, 19, 18859
List the prime factors of 4655165084.
2, 6719, 173209
List the prime factors of 128981364.
2, 3, 73, 113, 1303
List the prime factors of 269497238.
2, 2803, 48073
What are the prime factors of 353018733?
3, 41, 1283, 2237
List the prime factors of 825589791.
3, 13, 7056323
What are the prime factors of 443740792?
2, 11, 863, 5843
What are the prime factors of 54560604?
2, 3, 7, 59, 101, 109
What are the prime factors of 39895938?
2, 3, 23, 29, 3323
List the prime factors of 7705955.
5, 1541191
What are the prime factors of 3014361868?
2, 7, 17, 6332693
List the prime factors of 86553444.
2, 3, 401, 17987
What are the prime factors of 2601753702?
2, 3, 1889, 229553
List the prime factors of 15740232.
2, 3, 17, 173, 223
What are the prime factors of 1256540575?
5, 2017, 24919
What are the prime factors of 844666314?
2, 3, 7219, 19501
List the prime factors of 272464362.
2, 3, 15136909
What are the prime factors of 791286428?
2, 197821607
List the prime factors of 6490282.
2, 151, 21491
List the prime factors of 142750014.
2, 3, 11, 2162879
List the prime factors of 2499750503.
31, 67, 941, 1279
List the prime factors of 1326191160.
2, 3, 5, 7, 31, 50929
What are the prime factors of 2694979560?
2, 3, 5, 7, 13, 246793
What are the prime factors of 242054494?
2, 11, 11002477
What are the prime factors of 266428345?
5, 349, 152681
List the prime factors of 46168507.
7, 11, 599591
List the prime factors of 1450655923.
809, 1793147
List the prime factors of 470241925.
5, 19, 673, 1471
List the prime factors of 133100329.
31, 4293559
What are the prime factors of 82410777?
3, 339139
What are the prime factors of 2964529436?
2, 11, 41, 67, 24527
List the prime factors of 121432288.
2, 73, 227, 229
What are the prime factors of 19884137?
7, 13, 353, 619
List the prime factors of 2156370.
2, 3, 5, 71879
List the prime factors of 139954995.
3, 5, 97, 32063
What are the prime factors of 81206200?
2, 5, 173, 2347
List the prime factors of 3069683533.
7, 113, 3880763
List the prime factors of 2203407707.
21283, 103529
What are the prime factors of 174004921?
101, 1722821
What are the prime factors of 5385484145?
5, 17, 31, 1229, 1663
What are the prime factors of 136025943?
3, 47, 241, 4003
What are the prime factors of 178512123?
3, 59504041
What are the prime factors of 675562396?
2, 47, 3593417
What are the prime factors of 252812505?
3, 5, 11, 73, 139, 151
What are the 